{"id":1109,"date":"2013-05-29T08:05:00","date_gmt":"2013-05-29T05:05:00","guid":{"rendered":"http:\/\/evinigiydir.com\/index.php\/blog-page\/"},"modified":"2017-02-23T11:59:20","modified_gmt":"2017-02-23T09:59:20","slug":"blog-page","status":"publish","type":"page","link":"http:\/\/evinigiydir.com\/index.php\/blog-page\/","title":{"rendered":"Bu Sezon beni bastan \u00e7\u0131karan TONLAR"},"content":{"rendered":"<div class=\"separator\" style=\"clear: both; text-align: center;\">\n<\/div>\n<p><\/p>\n<div class=\"MsoNormal\" style=\"margin: 0cm 0cm 10pt;\">\nEvinizi i\u015f yerinizi canland\u0131rman\u0131n vakti geldi. \u0130ster<br \/>\nrenkleri \u00e7\u0131lg\u0131n bir \u015fekilde kullan\u0131n ister sofistike, bu sezonun renkleri ile<br \/>\nbilmeniz gerekenler \u015funlar:<\/div>\n<p>\nCANLI SARI<\/p>\n<div class=\"separator\" style=\"clear: both; text-align: center;\">\n<\/div>\n<p>Sar\u0131 size ya\u015fam sevinci verebilecek bir renk, kan ak\u0131\u015f\u0131n\u0131z\u0131 h\u0131zland\u0131racak ve<br \/>\ng\u00fcn\u00fcn\u00fcz\u00fc ayd\u0131nlatacak. Tabi sar\u0131 ayn\u0131 zamanda modern dekorlara daha \u00e7ok<br \/>\nyak\u0131\u015f\u0131yor, tekstillerinizi veya eski masan\u0131z\u0131<br \/>\nrenklendirerek kan ak\u0131\u015f\u0131n\u0131z\u0131 h\u0131zland\u0131rabilirsiniz.<\/p>\n<div class=\"separator\" style=\"clear: both; text-align: center;\">\n<\/div>\n<div class=\"separator\" style=\"clear: both; text-align: center;\">\n&nbsp;<\/div>\n<div class=\"separator\" style=\"clear: both; text-align: center;\">\n&nbsp;<\/div>\n<div class=\"separator\" style=\"clear: both; text-align: center;\">\n<a href=\"http:\/\/1.bp.blogspot.com\/-CFVvkEL_T1o\/UaWr53a4ehI\/AAAAAAAAACc\/rjmaSop91oo\/s1600\/ED110423XD5S_resize.jpg\" imageanchor=\"1\" style=\"margin-left: 1em; margin-right: 1em;\"><img decoding=\"async\" loading=\"lazy\" border=\"0\" height=\"640\" src=\"http:\/\/evinigiydir.com\/wp-content\/uploads\/2013\/05\/ED110423XD5S_resize-1.jpg\" width=\"640\" \/><\/a><\/div>\n<div class=\"separator\" style=\"clear: both; text-align: center;\">\n<a href=\"http:\/\/evinigiydir.com\/wp-content\/uploads\/2013\/05\/one_kings_lane__day_of_color_yellow_3-1.jpg\" imageanchor=\"1\" style=\"margin-left: 1em; margin-right: 1em;\"><img decoding=\"async\" border=\"0\" src=\"http:\/\/evinigiydir.com\/wp-content\/uploads\/2013\/05\/one_kings_lane__day_of_color_yellow_3-1.jpg\" \/><\/a><\/div>\n<div class=\"separator\" style=\"clear: both; text-align: center;\">\n&nbsp;<\/div>\n<div class=\"separator\" style=\"clear: both; text-align: center;\">\n<a href=\"http:\/\/evinigiydir.com\/wp-content\/uploads\/2013\/05\/YELLOW-INTERIORS_YELLOW-INTERIOR-DESIGN_HOME-DECOR_INTERIOR-DESIGN-BLOG-1-1.jpg\" imageanchor=\"1\" style=\"margin-left: 1em; margin-right: 1em;\"><img decoding=\"async\" border=\"0\" src=\"http:\/\/evinigiydir.com\/wp-content\/uploads\/2013\/05\/YELLOW-INTERIORS_YELLOW-INTERIOR-DESIGN_HOME-DECOR_INTERIOR-DESIGN-BLOG-1-1.jpg\" \/><\/a><\/div>\n<p><\/p>\n","protected":false},"excerpt":{"rendered":"<p>Evinizi i\u015f yerinizi canland\u0131rman\u0131n vakti geldi. \u0130ster renkleri \u00e7\u0131lg\u0131n bir \u015fekilde kullan\u0131n ister sofistike, bu sezonun renkleri ile bilmeniz gerekenler \u015funlar: CANLI SARI Sar\u0131 size ya\u015fam sevinci verebilecek bir renk, kan ak\u0131\u015f\u0131n\u0131z\u0131 h\u0131zland\u0131racak ve g\u00fcn\u00fcn\u00fcz\u00fc ayd\u0131nlatacak. Tabi sar\u0131 ayn\u0131 zamanda modern dekorlara daha \u00e7ok yak\u0131\u015f\u0131yor, tekstillerinizi veya eski masan\u0131z\u0131 renklendirerek kan ak\u0131\u015f\u0131n\u0131z\u0131 h\u0131zland\u0131rabilirsiniz. &nbsp; &nbsp; &nbsp;<\/p>\n","protected":false},"author":2,"featured_media":0,"parent":0,"menu_order":0,"comment_status":"closed","ping_status":"closed","template":"","meta":[],"post_mailing_queue_ids":[],"_links":{"self":[{"href":"http:\/\/evinigiydir.com\/index.php\/wp-json\/wp\/v2\/pages\/1109"}],"collection":[{"href":"http:\/\/evinigiydir.com\/index.php\/wp-json\/wp\/v2\/pages"}],"about":[{"href":"http:\/\/evinigiydir.com\/index.php\/wp-json\/wp\/v2\/types\/page"}],"author":[{"embeddable":true,"href":"http:\/\/evinigiydir.com\/index.php\/wp-json\/wp\/v2\/users\/2"}],"replies":[{"embeddable":true,"href":"http:\/\/evinigiydir.com\/index.php\/wp-json\/wp\/v2\/comments?post=1109"}],"version-history":[{"count":1,"href":"http:\/\/evinigiydir.com\/index.php\/wp-json\/wp\/v2\/pages\/1109\/revisions"}],"predecessor-version":[{"id":1558,"href":"http:\/\/evinigiydir.com\/index.php\/wp-json\/wp\/v2\/pages\/1109\/revisions\/1558"}],"wp:attachment":[{"href":"http:\/\/evinigiydir.com\/index.php\/wp-json\/wp\/v2\/media?parent=1109"}],"curies":[{"name":"wp","href":"https:\/\/api.w.org\/{rel}","templated":true}]}}